ed by i?
3
Suppose 9 = -0*u + 3*u. Let x(f) = -f**3 - 5*f**2 + 6*f + 9. What is the remainder when x(-6) is divided by u?
0
Let m be 12/((-9)/(-3)) - -2. Let h(t) = 0*t - 3 - m*t + 0*t. What is the remainder when 17 is divided by h(-2)?
8
Let t = 86 + -51. Suppose 0 = -4*s + t - 3. What is the remainder when 15 is divided by s?
7
Let x(f) be the first derivative of f**3/3 + 2*f - 1. Suppose 3*b = -5*m - 31, 17 = -b - 5*m - 10. Calculate the remainder when 21 is divided by x(b).
3
Let l = -8 - -2. Let y(p) = p**2 + 2*p - 1. Calculate the remainder when 45 is divided by y(l).
22
Let t = -75 - -108. Let b(h) = h**3 - 8*h**2 + 8*h - 1. Let g be b(7). Suppose 5*u - 54 - g = 0. Calculate the remainder when t is divided by u.
9
Let h be (-3)/(3/2) + 6. Suppose -h*q = -4, 0 = 2*j - j + 3*q - 52. What is the remainder when j is divided by 25?
24
Let s be (-5)/3*(-108)/(-4). Suppose -5*l + 33 = 183. Let p = l - s. What is the remainder when 43 is divided by p?
13
Suppose 4*n = -8, 20 = a - 0*a - n. Let z be 1/1*(1 + -5). Let r(t) = 3*t**2 + 3*t - 2. What is the remainder when r(z) is divided by a?
16
Let k(f) = 5*f**3 + f**2 - 3*f + 3. Suppose -5*i + 13 = 3. Calculate the remainder when k(i) is divided by 22.
19
What is the remainder when 2/(-4)*-62 + -2 is divided by 8?
5
Suppose 0 = 4*n - 4*h - 28, -2*n = -3*h - h - 22. Suppose 0 = 2*f + n*f - 90. What is the remainder when 35 is divided by f?
17
Let c(z) be the second derivative of 17*z**4/12 - z**3/6 - 10*z. What is the remainder when 46 is divided by c(1)?
14
Suppose -4*r = -2*g - 268, 0 = 3*r + 4*g + g - 227. Suppose t + r = 4*t. Calculate the remainder when t is divided by 10/(-3)*18/(-5).
11
Let r(k) = -k + 64. Suppose -5*s = -101 - 9. Calculate the remainder when r(0) is divided by s.
20
Let s(i) = 15*i**2 + 1. Calculate the remainder when 63 is divided by s(-1).
15
Suppose -i + 512 = i. Suppose -2*v = -2*u + 138, -v = -4*u - 2*v + i. What is the remainder when u is divided by 22?
21
Suppose 0 = 4*s - k - 32, -6 + 34 = 4*s - 2*k. What is the remainder when 25 is divided by s?
7
Let v = 38 + -24. Suppose -2*x + 64 = -14. Calculate the remainder when x is divided by v.
11
Let k be 4/14 + 80/14. Let j(h) = 4*h - 9. Let y be j(k). Suppose 118 = 5*w - 3*a, -3*w + 4*a = -47 - y. What is the remainder when w is divided by 9?
8
Let i(u) be the first derivative of -2*u + 2*u**3 - 1/4*u**4 + u**2 - 2. What is the remainder when 28 is divided by i(6)?
8
Suppose -2*x + 254 = 4*c - 6*c, c = -4*x - 152. Let a be (-2)/(-6) - c/9. What is the remainder when 32 is divided by 260/a + (-1)/3?
15
Let y(m) = -13*m. Let q = -53 - -77. What is the remainder when q is divided by y(-1)?
11
Suppose 4*w + 3 = 3*v + 16, -4*w = -5*v - 11. Calculate the remainder when 44 is divided by 1/(-4) - (-93)/w.
21
Let s = 37 - 20. Suppose -4*t + s = 5. Calculate the remainder when 8 is divided by t.
2
Let f = 14 - 4. Suppose -w - 3*a = -29, 5*a = -0*w + 4*w - 116. Calculate the remainder when w is divided by f.
9
Let v(i) = -i**3 - 3*i**2 + 4*i + 1. Let h be v(-3). Let q be 3*(-1 + (-2)/(-1)). What is the remainder when 38 is divided by 4/(q - 1) - h?
12
Let b be 2 + -1 + (-4)/2. Let w = 12 + b. Calculate the remainder when 21 is divided by w.
10
Suppose 3*b + 76 = 7*b. Let h be -3 - (-4)/(4/(-3)). Calculate the remainder when (56/h)/((-1)/6) is divided by b.
18
Let c = 8 - 8. Suppose 4*l + 2*q = l + 262, c = 2*l + 2*q - 178. Suppose -12 = -3*y + l. What is the remainder when y is divided by 17?
15
Suppose 3*s + 6 = -0. Let p be (-1 - s)/(-1) - 0. Calculate the remainder when 2 is divided by (-3)/(-6)*(1 - p).
0
What is the remainder when 29 is divided by -11*(1 - 0)*-1?
7
Let m = 0 - -4. Suppose 5*b + 2*r - r - 87 = 0, 4*r + 60 = m*b. Calculate the remainder when b is divided by 9.
8
Let f be (-2)/((4 - 6)/(-18)). Let p = f - -46. Calculate the remainder when p is divided by (-2 + 1)/(2/(-30)).
13
Suppose 5*o - 5*j = -0*o + 40, -4*j - 20 = -o. Let c = -88 - -102. What is the remainder when c is divided by o?
2
Let q(t) = 5*t + 1. Let p = 15 - 12. What is the remainder when 6*(14/p + -2) is divided by q(1)?
4
What is the remainder when 82 is divided by (-1)/((-39)/(-21) - 2)?
5
Let u(o) = o**2 - 7*o + 9. Let b be u(6). Suppose -3*f - 5 - 4 = -b*g, -5*f = -2*g. Suppose 0*h - 62 = -f*h. Calculate the remainder when h is divided by 11.
9
Suppose 0 = y + 4*y - 95. Let h be (-2)/(10/6 + -1). Calculate the remainder when 7/(0 - h/24) is divided by y.
18
Let m = 77 + -71. Let z(c) = c**2 + 7*c - 7. Let a be z(-6). Let q = -4 - a. Calculate the remainder when q is divided by m.
3
Let t = -77 + 88. Let j = -6 - -10. Calculate the remainder when t is divided by j.
3
Let c(x) = 4*x**2 - 2*x. Let r be c(-2). Let p be (-12)/10*r/(-6). Calculate the remainder when 8 is divided by (6/p)/((-4)/(-8)).
2
Suppose 0*p = 3*p + s - 68, -125 = -5*p - 4*s. Suppose -5*y + 129 + 71 = 0. What is the remainder when y is divided by p?
19
Let v = -1 + 5. Suppose 4*z = 2*z + 36. Suppose v*s = 54 + z. Calculate the remainder when s is divided by 10.
8
Let v = 95 - 87. What is the remainder when 12 is divided by v?
4
Let o = 67 - 58. Suppose 0 = 2*y - b - 9, 4*b = -5*y - b. What is the remainder when o is divided by y?
0
Suppose 0 = -0*l - 5*l + 665. Let p = l + -79. Suppose 0 = 2*d + 2*d - n - 55, 4*d - 2*n = p. Calculate the remainder when 27 is divided by d.
13
Let f be 900/(-5)*12/(-10). Suppose -f = -6*u + 3*u. Calculate the remainder when u is divided by 25.
22
Suppose 4*c - 5*n = 51 - 1, -3*n - 54 = -4*c. What is the remainder when c is divided by 0 + 1 - (-8 + 1)?
7
Suppose 5*d - 99 + 24 = 0. What is the remainder when -1 + 7/((-7)/(-30)) is divided by d?
14
Suppose 0 = -t + 3*h + 4, -t - 4*h - h + 44 = 0. Suppose g - z = -g, 5*g + 3 = z. Let p = g + 8. Calculate the remainder when t is divided by p.
5
Suppose -24 = -x - 2*x. What is the remainder when 3 + 1 + 1/1 is divided by 4/10 - x/(-5)?
1
Suppose 4*j = 2*k + 179 + 43, 0 = 3*k - 15. What is the remainder when j is divided by 15?
13
Calculate the remainder when 183 is divided by 32/144 + (-356)/(-18) - -3.
22
Let o be (-2 + 4)*6/(-4). Let l = 25 + o. Calculate the remainder when l is divided by 12.
10
Suppose -3*s = 5*g - 27, 4*g = 3*s + 9 + 18. Calculate the remainder when 21 is divided by g.
3
Let o(p) = p**2 - 9*p + 8. Let h be o(8). Suppose h = -4*y + 26 + 66. What is the remainder when y is divided by 8?
7
Let y be 148/(-18) + 2/9. Let u = 1 - y. Suppose -4*l - 80 = -9*l. Calculate the remainder when l is divided by u.
7
Suppose 155 = 4*q - 2*q + x, 4*q = -4*x + 304. What is the remainder when q is divided by 16?
15
Suppose -7 = -q + 1. Calculate the remainder when 13 is divided by (-2)/q + (-290)/(-40).
6
Suppose 0 = -3*s + 3*o + 297, -12*s = -9*s - 2*o - 293. Calculate the remainder when s is divided by 6.
5
Suppose -y - 5*o = -2*o - 1, -2*y + 10 = -2*o. Suppose y*t = t + 114. Calculate the remainder when t is divided by 0 + 0 + (1 - -12).
12
Let a = 27 - 19. Calculate the remainder when a is divided by 5.
3
Suppose 3*z + 600 = 7*z + 2*s, 5*z = -s + 747. Calculate the remainder when z is divided by 38.
35
Suppose -2*b - 2*l + 28 = 0, b = 5*l - 12 + 32. Calculate the remainder when 42 is divided by b.
12
Let v = 8 - 3. What is the remainder when 5 is divided by v?
0
Suppose 21 = -5*k + 6*k. What is the remainder when ((-2)/3)/(2/(-246)) is divided by k?
19
Let w = -4 - -1. Let b = 34 + w. What is the remainder when b is divided by 16?
15
Suppose -4*g + g = -2*n - 70, 60 = 4*g + 4*n. What is the remainder when 35 is divided by g?
15
Let t = -8 - -13. Suppose 3*n + 2*l - t*l = 81, 0 = -3*n - 5*l + 57. What is the remainder when n is divided by 40/3 + (-3)/9?
11
Let g(x) = -3*x + 12. What is the remainder when 79 is divided by g(-5)?
25
Let c = -26 + 39. Calculate the remainder when 64 is divided by c.
12
Let h(w) = 37*w**2 + 3*w - 1. Calculate the remainder when h(1) is divided by 15.
9
Let n = 3 - -19. Suppose 5*r - r - 48 = 0. What is the remainder when n is divided by r?
10
Suppose -a = -5*x - 2*a + 42, -10 = -5*a. Let q(n) = n + 17. Calculate the remainder when q(12) is divided by x.
5
Suppose 5*v + 28 = 4*m, -2*v - 33 = v + 3*m. What is the remainder when (0 + 28)*(-14)/v is divided by 17?